st the prime factors of f.
2
Suppose -z + 3*d + 69 = 3*z, -4*z + 74 = -2*d. What are the prime factors of z?
3, 7
Suppose 0 = -5*m - q - 54, -m + 4*m = q - 26. List the prime factors of -1 - m*(-1)/(-1).
3
Suppose 3*q = 0, 191 = 2*f - 2*q + 41. Suppose t = -4*t - f. What are the prime factors of (-5)/1*9/t?
3
List the prime factors of (-1 - -1)/(-4) - -23.
23
Let c = -129 - -322. What are the prime factors of c?
193
Suppose 2*z = 10 - 76. List the prime factors of -1*(z - (-1 - 2)).
2, 3, 5
What are the prime factors of 0 + (-7)/((-4)/4)?
7
Let k = 12 - 9. Suppose 0 = -c + k*c + 4*s - 8, 2*c - s = 33. What are the prime factors of c?
2, 7
Suppose -2*l - l + 348 = 0. Suppose 0 = -5*a - 0*a + 3*m + l, 4*a + 2*m = 84. Suppose -p + a = p. What are the prime factors of p?
11
Let m(b) be the first derivative of 1/3*b**3 + 6*b + 5/2*b**2 + 1. List the prime factors of m(-6).
2, 3
Let u(l) = -3*l - 2. Suppose 2*h + 4*i = -17 + 53, 2*h + 2*i = 28. Let n be (-3 + -2)*4/h. What are the prime factors of u(n)?
2
Let h(u) = u. Let t be h(5). Suppose 2*i + 16 = 2*y, -t*y + 2*i = -23 - 5. What are the prime factors of (4/1)/(y/14)?
2, 7
Let u be (-8)/6*45/(-6). Let w be (-28)/u + 2/(-10). List the prime factors of (-8)/w*(-9)/(-4).
2, 3
Suppose 0 = -0*y + 2*y - 6, y - 163 = -4*g. Let o = -22 + g. What are the prime factors of o?
2, 3
Let m be 6/(-5)*2200/(-33). Suppose -r = -2, 3*g + 2*r - m = 4*r. List the prime factors of g.
2, 7
Let h be 15/35 - 92/(-14). Let g(c) = c - 4. List the prime factors of g(h).
3
Let k be 10/4 - 1/2. Let z be 0 + (7/1 - k). Suppose 5*l - 29 = -z*p - 9, p + 4*l = 10. What are the prime factors of p?
2
Suppose -4*p + 10 = -2*p. Suppose -99 = -p*i + 4*m + 56, 2*m - 80 = -2*i. What are the prime factors of i?
5, 7
Let j be (-12)/3 + -1 - 2. Let u = j - -43. What are the prime factors of u?
2, 3
Suppose -5*f + 21 = -434. List the prime factors of f.
7, 13
Let z = 257 + -116. What are the prime factors of z?
3, 47
Let u(j) be the third derivative of j**5/10 - j**4/24 + j**3/6 + 2*j**2. Let b(d) be the first derivative of u(d). List the prime factors of b(1).
11
Suppose 3*m = 4*l + 142, 3*m - 5*l + 36 - 182 = 0. Suppose 6*v - 90 - 60 = 0. Let n = m - v. List the prime factors of n.
17
Let f be (3 - 4)/((-2)/8). Suppose -16 = -3*m + g, -2*g - f = -m + 2*m. Suppose m = 2*o - 2. What are the prime factors of o?
3
Suppose 3*r = r + 28. What are the prime factors of r?
2, 7
Let d = -77 + 149. What are the prime factors of d?
2, 3
Suppose -5*f + 3*f + 58 = 0. List the prime factors of f.
29
Let z(t) = t**2 + t - 2. Let n be z(-2). Suppose 25 = -5*d - n*d. List the prime factors of 15/(-3)*4/d.
2
Let y(c) = c**2 + 3*c - 11. Let h be y(-9). Suppose -2*u = -3 - h. List the prime factors of u.
23
Suppose -2*r + 7 = -57. Suppose 0 = i - 3*v + 28, 4*v + r = -8*i + 4*i. Let h = i - -28. What are the prime factors of h?
3, 5
Suppose 0 = b - 4*b + 4*k + 6, 3*k = -b + 15. Suppose 2*t + 0 - b = 0. What are the prime factors of t?
3
Let h = -4 + 6. Suppose h*o = 4*o - 4. What are the prime factors of (1 - 3 - -14) + o?
2, 7
Suppose -2 = -o + 2*r, -3*o + 3*r = -2*o - 4. Let a = 0 - o. What are the prime factors of a?
2
Let w = 785 + -502. List the prime factors of w.
283
Let j(i) = i**3 - 8*i**2 + 8*i - 4. Let m be j(7). Suppose 0 = 4*s + 2*o - 4*o + 12, -s = o + m. List the prime factors of (1/3)/(s/(-63)).
7
Suppose -5 = -5*x + 4*x. Let j(q) = -q**3 + 7*q**2 - q + 1. List the prime factors of j(x).
2, 23
Suppose 2*h - h = -2. Let d = -8 + h. Let u(m) = -m**3 - 9*m**2 + 8*m - 14. What are the prime factors of u(d)?
2, 3
Let a(l) = 11*l**2 + 3*l - 4. List the prime factors of a(3).
2, 13
Let j be 1*(6/2 + -3). Suppose j = t + 8 - 22. List the prime factors of t.
2, 7
Suppose -5*u + 2*c + 5 + 1 = 0, 3*u - 3*c = 0. List the prime factors of 67/6 + u/(-12).
11
Suppose 2*b = b + 2. Suppose -3*d + 45 = b*d. List the prime factors of d.
3
Let z be 41/3 + 4/(-6). Let h = z + -6. What are the prime factors of h?
7
Suppose o - b + 10 = 0, 2*o + 14 = 2*b + 2*b. Let c = -8 - o. What are the prime factors of (-2)/(-5) + 23/c?
5
Let h(m) = 7*m + 361. List the prime factors of h(0).
19
Suppose -4 = -m - 0*m. Let t = 3 - m. What are the prime factors of 10 - 1 - (1 - t)?
7
Let n be ((-6)/(-4) - -1)*-6. Let m = 30 + n. List the prime factors of m.
3, 5
Let p(z) = z**2 - 2*z - 1. Let i be p(4). Suppose 4*w = -4, 3*d + 4*w = 2*w + i. List the prime factors of (-6 + d + -1)/(-2).
2
Suppose 2*m + 2*f + 8 = 0, -f - 1 = m + f. Let z = m + 7. Suppose -3*l - 2*l - 25 = z, 5*l = -h - 10. What are the prime factors of h?
3, 5
List the prime factors of ((16/6)/2)/(8/276).
2, 23
Let f = 39 + -7. What are the prime factors of f?
2
What are the prime factors of (-605)/(-3) + -2*(-4)/6?
7, 29
Let l(w) = w**2 - 5*w + 3. Let c be l(5). Suppose -c*v + 113 = i, -2*i = -12 + 2. List the prime factors of v.
2, 3
Let m(g) = -g**2 - 6*g - 2. Let d be m(-4). What are the prime factors of d*1*2/1?
2, 3
Suppose -6*a + 2*a = -8. List the prime factors of a.
2
List the prime factors of 3/(6*(-1)/(-236)).
2, 59
Suppose -2*o = -0 - 6. Suppose 5*f + 2*k - 44 = 0, -2*k - 16 - 4 = -o*f. What are the prime factors of f?
2
Let n be (1 + 3)*(-1 + 0). Let m = n + 13. List the prime factors of m.
3
Let r(h) = h**3 - 8*h**2 + 10*h - 6. Let z be (-14)/2 - -2 - 2. Let y be 14/(z/(7/(-2))). List the prime factors of r(y).
3, 5
Suppose -4*w - 281 = -5*w + a, 4*w = -4*a + 1116. What are the prime factors of w?
2, 5, 7
Let z be (2/4)/(4/8). Let o be -3 - (z - 0 - 1). Let p = 9 + o. What are the prime factors of p?
2, 3
Suppose 5*y + 20 = 0, -2*y + 6 - 2 = 4*n. Let b(g) = g**3 - g**2 - 2*g - 1. List the prime factors of b(n).
11
List the prime factors of 4/14 - 136/(-14).
2, 5
Let h = -1 + 9. Let l(p) = 2*p. What are the prime factors of l(h)?
2
Suppose 0 = 7*p - 1069 - 44. List the prime factors of p.
3, 53
Let t = -70 - -119. What are the prime factors of t?
7
Let m = 14 + -9. Suppose m*a - 4 = -4*i - 12, 4*a + 10 = -5*i. Let b = 9 + i. List the prime factors of b.
7
Suppose -3*p - 30 = 4*m, 2*m + 28 = p + 8. Let b = 15 + m. What are the prime factors of b?
2, 3
Suppose h + 3*w - 3 = -4*h, 0 = -4*h - 5*w - 8. List the prime factors of (3 - (h - -41))*-1.
41
Suppose 2*a - 5*o + 43 = 11, -3*a - 48 = -4*o. Let y = -25 - 1. Let i = a - y. What are the prime factors of i?
2, 5
Suppose -4*z + 3*n = -43 - 36, 0 = 5*z + n - 75. Suppose 0 = 4*x - z. What are the prime factors of x?
2
Let k be (-3)/(-3 - 0)*2. Suppose 0 = 5*l + 3*u - 40, 0 = -4*l + 2*l + k*u + 16. List the prime factors of l.
2
Suppose 0*r = -r - 2. Let x be (8/5)/((-2)/(-5)). Let c = r + x. List the prime factors of c.
2
Suppose 0 = k + 4*k - 35. Suppose 4*o + 39 = k. List the prime factors of (-15)/10*o/6.
2
Suppose -252 - 424 = -4*g. What are the prime factors of g?
13
Let l = -7 - -10. Let q = 0 + l. What are the prime factors of q?
3
What are the prime factors of 7 + -4 + -7 + 34?
2, 3, 5
Suppose 0 = 5*j + 2*f + 13, -f = 4*j - j + 8. Let b be (j + -7)/((-2)/5). Suppose 5*o - b = 40. List the prime factors of o.
13
Let b = -90 + 133. List the prime factors of b.
43
Let b(p) = -6*p**3 - p**2 + 3. What are the prime factors of b(-2)?
47
Let r(f) be the first derivative of f**3/3 - 2*f**2 - 3*f - 3. List the prime factors of r(6).
3
Let y = -194 + 354. List the prime factors of y.
2, 5
Suppose -4*x + 5*d + 21 = 4*d, 15 = 5*x + d. Suppose -x*i = -3*i - 24. List the prime factors of i.
2, 3
Suppose c + 8 = 3*c. Suppose c*l - 4 = 0, 4*x = -0*l - 2*l - 34. Let m = -5 - x. What are the prime factors of m?
2
Let k be 2 + (-127 - (-3 + -1)). Let u = -72 - k. List the prime factors of u.
7
Suppose -3*p + 3*x = -x - 80, 4*p = 3*x + 95. Suppose 4*c = 2*i - c + 41, -5*i - p = 4*c. List the prime factors of -1 + ((-3)/(-3) - i).
2
Suppose 4*p - 4 = 4*b, 0 = -2*p + b + 4*b + 17. Let v(z) = z**2 + 2*z - 2. Let f be v(p). Suppose f*q - 40 = 2*q. What are the prime factors of q?
2, 5
Let g = 54 - 92. List the prime factors of (3*-4)/(-3) - g.
2, 3, 7
Let w be 1/(2/(-4)) + 4. Let t = w + 1. What are the prime factors of t?
3
Let o(y) = y - 7. Let q be o(4). List the prime factors of 6*(-1 - q) + 1.
13
What are the prime factors of 6*3/9*-1 + 112?
2, 5, 11
Let g(c) = -